.
12
Calculate the remainder when 58 is divided by 15.
13
What is the remainder when 215 is divided by 214?
1
Calculate the remainder when 3178 is divided by 122.
6
Calculate the remainder when 591 is divided by 85.
81
What is the remainder when 356 is divided by 117?
5
What is the remainder when 48 is divided by 13?
9
What is the remainder when 281 is divided by 47?
46
What is the remainder when 93 is divided by 51?
42
What is the remainder when 71 is divided by 19?
14
Calculate the remainder when 9590 is divided by 218.
216
Calculate the remainder when 222 is divided by 29.
19
What is the remainder when 62 is divided by 13?
10
What is the remainder when 1305 is divided by 82?
75
Calculate the remainder when 101 is divided by 12.
5
Calculate the remainder when 405 is divided by 138.
129
Calculate the remainder when 356 is divided by 142.
72
What is the remainder when 949 is divided by 195?
169
Calculate the remainder when 2129 is divided by 35.
29
Calculate the remainder when 19249 is divided by 27.
25
What is the remainder when 12305 is divided by 68?
65
Calculate the remainder when 202 is divided by 70.
62
What is the remainder when 22 is divided by 13?
9
What is the remainder when 75 is divided by 8?
3
What is the remainder when 554 is divided by 28?
22
What is the remainder when 514 is divided by 346?
168
What is the remainder when 7546 is divided by 398?
382
Calculate the remainder when 318 is divided by 40.
38
Calculate the remainder when 11527 is divided by 27.
25
Calculate the remainder when 6469 is divided by 27.
16
What is the remainder when 110 is divided by 19?
15
Calculate the remainder when 229 is divided by 120.
109
Calculate the remainder when 578 is divided by 192.
2
Calculate the remainder when 797 is divided by 204.
185
What is the remainder when 8193 is divided by 17?
16
Calculate the remainder when 1288 is divided by 20.
8
Calculate the remainder when 7232 is divided by 24.
8
Calculate the remainder when 81 is divided by 61.
20
Calculate the remainder when 19 is divided by 1.
0
Calculate the remainder when 763 is divided by 20.
3
What is the remainder when 1346 is divided by 71?
68
Calculate the remainder when 483 is divided by 44.
43
What is the remainder when 1265 is divided by 7?
5
Calculate the remainder when 11142 is divided by 14.
12
What is the remainder when 141 is divided by 24?
21
What is the remainder when 72 is divided by 23?
3
Calculate the remainder when 494 is divided by 231.
32
What is the remainder when 20103 is divided by 14?
13
What is the remainder when 10 is divided by 1?
0
Calculate the remainder when 149 is divided by 108.
41
What is the remainder when 1417 is divided by 89?
82
What is the remainder when 157 is divided by 67?
23
What is the remainder when 1323 is divided by 178?
77
What is the remainder when 1628 is divided by 17?
13
What is the remainder when 181 is divided by 93?
88
What is the remainder when 347 is divided by 8?
3
What is the remainder when 530 is divided by 157?
59
What is the remainder when 22924 is divided by 35?
34
Calculate the remainder when 1121 is divided by 66.
65
What is the remainder when 40 is divided by 16?
8
Calculate the remainder when 494 is divided by 45.
44
Calculate the remainder when 1636 is divided by 56.
12
Calculate the remainder when 239 is divided by 15.
14
Calculate the remainder when 9411 is divided by 13.
12
What is the remainder when 3037 is divided by 152?
149
What is the remainder when 63 is divided by 13?
11
What is the remainder when 2580 is divided by 83?
7
Calculate the remainder when 250 is divided by 12.
10
Calculate the remainder when 303 is divided by 166.
137
What is the remainder when 2068 is divided by 259?
255
Calculate the remainder when 5587 is divided by 65.
62
What is the remainder when 488 is divided by 102?
80
What is the remainder when 49 is divided by 19?
11
What is the remainder when 361 is divided by 55?
31
What is the remainder when 788 is divided by 29?
5
What is the remainder when 141 is divided by 128?
13
What is the remainder when 519 is divided by 170?
9
Calculate the remainder when 98 is divided by 12.
2
What is the remainder when 1187 is divided by 1178?
9
Calculate the remainder when 281 is divided by 142.
139
Calculate the remainder when 455 is divided by 8.
7
Calculate the remainder when 3428 is divided by 127.
126
What is the remainder when 2593 is divided by 11?
8
What is the remainder when 290 is divided by 7?
3
What is the remainder when 942 is divided by 43?
39
What is the remainder when 112 is divided by 29?
25
What is the remainder when 217 is divided by 35?
7
What is the remainder when 45 is divided by 20?
5
What is the remainder when 438 is divided by 44?
42
Calculate the remainder when 214 is divided by 36.
34
Calculate the remainder when 62 is divided by 15.
2
Calculate the remainder when 2412 is divided by 69.
66
What is the remainder when 430 is divided by 151?
128
Calculate the remainder when 150 is divided by 81.
69
What is the remainder when 134 is divided by 128?
6
Calculate the remainder when 143 is divided by 55.
33
Calculate the remainder when 1696 is divided by 34.
30
Calculate the remainder when 78 is divided by 31.
16
What is the remainder when 75 is divided by 14?
5
What is the remainder when 3007 is divided by 47?
46
Calculate the remainder when 1003 is divided by 58.
17
Calculate the remainder when 181 is divided by 60.
1
Calculate the remainder when 3056 is divided by 15.
11
Calculate the remainder when 817 is divided by 63.
61
Calculate the remainder when 978 is divided by 196.
194
What is the remainder when 404 is divided by 37?
34
Calculate the remainder when 180 is divided by 61.
58
Calculate the remainder when 218 is divided by 37.
33
What is the remainder when 2241 is divided by 12?
9
What is the remainder when 4917 is divided by 15?
12
What is the remainder when 246 is divided by 25?
21
Calculate the remainder when 333 is divided by 6.
3
Calculate the remainder when 123 is divided by 92.
31
Calculate the remainder when 219 is divided by 45.
39
What is the remainder when 681 is divided by 21?
9
Calculate the remainder when 159 is divided by 75.
9
Calculate the remainder when 3927 is divided by 79.
56
Calculate the remainder when 129 is divided by 12.
9
What is the remainder when 2697 is divided by 37?
33
What is the remainder when 921 is divided by 893?
28
What is the remainder when 5051 is divided by 2?
1
What is the remainder when 220 is divided by 75?
70
What is the remainder when 35 is divided by 3?
2
Calculate the remainder when 89 is divided by 12.
5
What is the remainder when 671 is divided by 75?
71
What is the remainder when 159 is divided by 56?
47
Calculate the remainder when 310 is divided by 104.
102
Calculate the remainder when 96 is divided by 45.
6
What is the remainder when 214 is divided by 36?
34
Calculate the remainder when 1475 is divided by 31.
18
Calculate the remainder when 2964 is divided by 30.
24
What is the remainder when 1119 is divided by 29?
17
Calculate the remainder when 975 is divided by 342.
291
What is the remainder when 198 is divided by 40?
38
Calculate the remainder when 243 is divided by 70.
33
Calculate the remainder when 705 is divided by 53.
16
What is the remainder when 118 is divided by 18?
10
What is the remainder when 40 is divided by 22?
18
What is the remainder when 356 is divided by 341?
15
What is the remainder when 1041 is divided by 386?
269
What is the remainder when 635 is divided by 22?
19
Calculate the remainder when 146 is divided by 76.
70
Calculate the remainder when 6172 is divided by 6164.
8
Calculate the remainder when 24009 is divided by 35.
34
Calculate the remainder when 2651 is divided by 26.
25
What is the remainder when 375 is divided by 153?
69
Calculate the remainder when 1059 is divided by 107.
96
What is the remainder when 506 is divided by 57?
50
Calculate the remainder when 210 is divided by 36.
30
What is the remainder when 595 is divided by 12?
7
What is the remainder when 167 is divided by 29?
22
Calculate the remainder when 262 is divided by 63.
10
What is the remainder when 88 is divided by 24?
16
What is the remainder when 1927 is divided by 34?
23
What is the remainder when 8204 is divided by 16?
12